common divisor of 3913 and 2002?
91
What is the highest common factor of 266 and 152?
38
What is the highest common factor of 165 and 594?
33
What is the highest common divisor of 221 and 429?
13
Calculate the greatest common factor of 7 and 1302.
7
Calculate the greatest common factor of 707 and 1313.
101
Calculate the highest common factor of 189 and 7.
7
What is the greatest common factor of 24 and 22?
2
Calculate the highest common factor of 351 and 459.
27
What is the greatest common divisor of 285 and 225?
15
Calculate the highest common factor of 225 and 1200.
75
What is the greatest common factor of 16 and 82?
2
Calculate the highest common factor of 66 and 1144.
22
Calculate the highest common factor of 85 and 5.
5
What is the greatest common factor of 65 and 5?
5
Calculate the highest common factor of 524 and 7.
1
Calculate the highest common factor of 1702 and 92.
46
Calculate the greatest common factor of 855 and 495.
45
Calculate the greatest common divisor of 144 and 9.
9
What is the greatest common divisor of 10432 and 978?
326
What is the greatest common factor of 24 and 732?
12
Calculate the greatest common divisor of 20 and 196.
4
What is the highest common factor of 219 and 69?
3
Calculate the highest common divisor of 15221 and 62.
31
Calculate the greatest common divisor of 678 and 12.
6
Calculate the greatest common factor of 3 and 4.
1
Calculate the highest common factor of 17385 and 513.
57
What is the greatest common factor of 170 and 80?
10
What is the greatest common factor of 19 and 304?
19
Calculate the highest common divisor of 10 and 1360.
10
Calculate the highest common divisor of 798 and 28.
14
Calculate the highest common factor of 117 and 18.
9
Calculate the highest common factor of 90 and 120.
30
Calculate the greatest common divisor of 7 and 4228.
7
What is the greatest common divisor of 3 and 787?
1
Calculate the greatest common divisor of 16 and 80.
16
Calculate the highest common factor of 4 and 44.
4
Calculate the greatest common divisor of 8523 and 99.
9
Calculate the highest common divisor of 4326 and 42.
42
Calculate the greatest common divisor of 44 and 572.
44
Calculate the highest common divisor of 28 and 1316.
28
Calculate the greatest common factor of 378 and 966.
42
Calculate the greatest common divisor of 512 and 448.
64
What is the greatest common factor of 179 and 32?
1
What is the greatest common factor of 341 and 11?
11
Calculate the greatest common factor of 108 and 135.
27
Calculate the highest common divisor of 45 and 2100.
15
Calculate the greatest common divisor of 4496 and 64.
16
What is the greatest common factor of 26 and 13?
13
What is the highest common divisor of 40 and 680?
40
Calculate the greatest common divisor of 540 and 240.
60
Calculate the highest common factor of 43 and 10793.
43
What is the greatest common factor of 42 and 6?
6
Calculate the highest common divisor of 2 and 362.
2
What is the highest common divisor of 286 and 832?
26
What is the greatest common divisor of 552 and 112?
8
What is the highest common divisor of 95 and 209?
19
What is the greatest common divisor of 146 and 4?
2
What is the greatest common divisor of 38 and 494?
38
Calculate the greatest common divisor of 2121 and 5151.
303
What is the greatest common factor of 1221 and 187?
11
What is the highest common divisor of 19 and 6232?
19
What is the greatest common factor of 15 and 91365?
15
Calculate the highest common factor of 17 and 26.
1
Calculate the highest common divisor of 222 and 10.
2
Calculate the highest common factor of 350 and 574.
14
Calculate the highest common factor of 1099 and 7.
7
Calculate the highest common factor of 1 and 2.
1
What is the greatest common divisor of 15 and 24?
3
What is the greatest common factor of 180 and 1035?
45
What is the greatest common divisor of 88239 and 67?
67
Calculate the greatest common divisor of 54 and 243.
27
What is the highest common divisor of 144 and 149616?
144
Calculate the greatest common factor of 4568 and 8.
8
Calculate the highest common divisor of 5 and 235.
5
What is the greatest common divisor of 297 and 231?
33
Calculate the highest common divisor of 2092 and 12.
4
Calculate the highest common factor of 1639 and 11.
11
Calculate the greatest common divisor of 219 and 146.
73
Calculate the highest common divisor of 30352 and 56.
56
What is the highest common factor of 2346 and 170?
34
What is the greatest common factor of 850 and 50?
50
What is the greatest common factor of 5844 and 12?
12
Calculate the highest common factor of 75 and 600.
75
What is the greatest common factor of 25 and 1255?
5
What is the highest common divisor of 5 and 55?
5
Calculate the highest common divisor of 84 and 348.
12
Calculate the greatest common factor of 130 and 1625.
65
Calculate the highest common divisor of 46 and 230.
46
What is the greatest common factor of 2886 and 117?
39
What is the highest common factor of 31 and 527?
31
Calculate the highest common divisor of 901 and 34.
17
Calculate the greatest common factor of 4887 and 2353.
181
What is the highest common factor of 1856 and 12?
4
Calculate the highest common divisor of 11 and 473.
11
What is the highest common divisor of 7500 and 2100?
300
What is the greatest common divisor of 177 and 118?
59
What is the highest common factor of 82 and 4674?
82
Calculate the greatest common factor of 400 and 325.
25
Calculate the greatest common factor of 147 and 42.
21
What is the highest common divisor of 78 and 486?
6
Calculate the highest common divisor of 27 and 6.
3
What is the greatest common divisor of 9868 and 4?
4
Calculate the greatest common factor of 184 and 1196.
92
Calculate the greatest common factor of 54 and 13068.
54
What is the greatest common factor of 372 and 432?
12
Calculate the highest common factor of 12937 and 34.
17
What is the greatest common divisor of 35 and 427?
7
Calculate the highest common factor of 20 and 8.
4
Calculate the highest common factor of 9 and 21.
3
What is the greatest common divisor of 368 and 16?
16
Calculate the greatest common divisor of 50 and 13550.
50
What is the greatest common divisor of 25 and 7675?
25
Calculate the greatest common divisor of 1356 and 12.
12
What is the greatest common divisor of 6797 and 14?
7
Calculate the greatest common divisor of 820 and 60.
20
What is the highest common divisor of 1537 and 53?
53
What is the greatest common factor of 6 and 483?
3
Calculate the greatest common divisor of 24 and 1188.
12
Calculate the highest common factor of 221 and 102.
17
What is the highest common divisor of 2671 and 1?
1
What is the greatest common factor of 616 and 8?
8
What is the greatest common divisor of 15 and 195?
15
Calculate the greatest common divisor of 51 and 78.
3
What is the greatest common factor of 182 and 84?
14
What is the highest common factor of 3402 and 162?
162
Calculate the highest common factor of 387 and 72.
9
Calculate the greatest common factor of 928 and 32.
32
Calculate the greatest common divisor of 48 and 852.
12
Calculate the greatest common divisor of 154 and 2695.
77
Calculate the highest common factor of 1218 and 58.
58
Calculate the highest common divisor of 273 and 507.
39
Calculate the highest common factor of 721 and 1339.
103
Calculate the greatest common divisor of 44 and 946.
22
What is the greatest common divisor of 98 and 5978?
98
What is the highest common divisor of 629 and 111?
37
Calculate the highest common divisor of 1152 and 18.
18
Calculate the greatest common divisor of 24 and 9000.
24
Calculate the greatest common factor of 104 and 13.
13
Calculate the highest common divisor of 300 and 24.
12
What is the highest common factor of 231 and 1694?
77
What is the highest common factor of 2990 and 460?
230
What is the highest common divisor of 175 and 224?
7
What is the greatest common factor of 54 and 342?
18
Calculate the greatest common divisor of 16 and 344.
8
What is the highest common divisor of 280 and 3430?
70
What is the highest common divisor of 651 and 105?
21
Calculate the greatest common divisor of 403 and 13.
13
What is the highest common divisor of 1539 and 1197?
171
Calculate the greatest common factor of 55 and 891.
11
Calculate the highest common factor of 16 and 36.